ommon divisor of 75408 and 144?
48
Calculate the greatest common factor of 2709 and 358491.
903
What is the greatest common divisor of 345 and 13731?
69
What is the greatest common factor of 395469 and 3171?
453
What is the highest common factor of 35685 and 42939?
117
Calculate the highest common factor of 280 and 2114.
14
Calculate the highest common factor of 7450 and 312006.
298
What is the greatest common divisor of 257 and 8995?
257
What is the highest common divisor of 639652 and 156?
52
Calculate the highest common divisor of 270208 and 384.
128
Calculate the greatest common divisor of 1161 and 2021.
43
Calculate the greatest common factor of 845328 and 1848.
264
Calculate the greatest common divisor of 1152 and 10188.
36
What is the greatest common divisor of 34572 and 129?
129
What is the highest common divisor of 9 and 5178267?
9
What is the greatest common divisor of 9225 and 230?
5
What is the highest common divisor of 801400 and 400?
200
What is the greatest common divisor of 1391 and 173233?
107
Calculate the highest common factor of 41 and 12.
1
What is the greatest common factor of 17017 and 344981?
1547
Calculate the highest common divisor of 7202 and 143.
13
What is the highest common factor of 112 and 9376?
16
What is the highest common divisor of 9218 and 8822?
22
What is the greatest common divisor of 936 and 477?
9
Calculate the highest common factor of 170 and 1027310.
170
What is the greatest common factor of 65 and 12715?
5
What is the greatest common divisor of 2352 and 25816?
56
What is the greatest common factor of 3710 and 4690?
70
What is the highest common divisor of 648865 and 805?
35
Calculate the highest common divisor of 98 and 6352.
2
Calculate the greatest common factor of 3114 and 253618.
346
What is the greatest common divisor of 1682 and 6912179?
841
What is the highest common divisor of 6308 and 304?
76
Calculate the greatest common factor of 14823 and 11988.
81
Calculate the greatest common factor of 23 and 40279371.
23
Calculate the highest common divisor of 2044 and 228125.
73
What is the highest common factor of 78 and 78091?
13
Calculate the greatest common divisor of 44 and 165286.
22
What is the greatest common factor of 17544 and 4454?
34
What is the highest common divisor of 636899 and 19?
19
Calculate the greatest common divisor of 32452 and 12810.
854
What is the greatest common factor of 412548 and 124?
124
What is the highest common factor of 323648 and 288?
32
What is the highest common divisor of 147 and 72569?
49
What is the highest common factor of 18796 and 518?
74
Calculate the highest common factor of 261088 and 40672.
1312
Calculate the greatest common divisor of 2031 and 21664.
677
Calculate the highest common factor of 595886 and 1604.
802
Calculate the highest common divisor of 4 and 268.
4
What is the greatest common divisor of 406 and 8183?
7
Calculate the greatest common divisor of 71175 and 585.
195
What is the greatest common divisor of 47 and 32806?
47
What is the greatest common factor of 1804138 and 310?
62
What is the highest common factor of 9260 and 135?
5
What is the highest common divisor of 22 and 108361?
11
Calculate the highest common factor of 308 and 45727.
11
Calculate the highest common divisor of 625 and 2575.
25
What is the greatest common divisor of 124082 and 21?
7
What is the greatest common factor of 21626 and 55?
11
What is the greatest common divisor of 4588 and 16?
4
Calculate the highest common divisor of 745 and 1094405.
745
Calculate the greatest common factor of 42 and 142422.
42
What is the greatest common factor of 7 and 131432?
7
Calculate the highest common divisor of 63918 and 576.
18
What is the highest common divisor of 310 and 25234?
62
What is the highest common divisor of 1216366 and 5726?
818
Calculate the greatest common factor of 1176 and 960.
24
Calculate the greatest common divisor of 272 and 3544.
8
What is the highest common divisor of 722 and 142234?
722
Calculate the highest common factor of 57 and 46923.
3
What is the greatest common factor of 70625 and 113?
113
What is the highest common divisor of 364 and 2309216?
364
Calculate the greatest common divisor of 5212 and 84.
4
What is the highest common divisor of 385732 and 292?
292
Calculate the highest common divisor of 3355 and 583.
11
What is the highest common divisor of 63880 and 32?
8
What is the highest common factor of 835557 and 402?
201
Calculate the highest common factor of 76 and 1041884.
76
What is the greatest common factor of 939 and 90457?
313
What is the highest common factor of 8294 and 245050?
754
Calculate the highest common factor of 20995 and 494.
247
Calculate the highest common factor of 311725 and 175.
25
What is the greatest common divisor of 565 and 1527986?
113
Calculate the greatest common divisor of 3281 and 8041.
17
What is the highest common factor of 94 and 88078?
94
What is the highest common divisor of 5499 and 33417?
423
What is the greatest common factor of 388 and 415742?
194
Calculate the greatest common factor of 702 and 42276.
78
What is the greatest common divisor of 70442 and 5?
1
What is the greatest common factor of 28238 and 2170?
14
Calculate the highest common factor of 4592 and 1569316.
1148
What is the highest common factor of 9 and 171369?
9
What is the greatest common factor of 68 and 23647?
17
Calculate the highest common divisor of 272 and 70516.
68
What is the greatest common divisor of 12 and 268188?
12
Calculate the highest common divisor of 1420 and 486350.
710
Calculate the highest common factor of 30972 and 21228.
348
What is the greatest common divisor of 246 and 212544?
246
What is the greatest common divisor of 1771 and 15473227?
1771
Calculate the greatest common factor of 2213676 and 1592.
796
What is the highest common factor of 852 and 484149?
213
What is the greatest common divisor of 6078 and 3238561?
1013
Calculate the highest common factor of 1677 and 4945.
43
What is the highest common factor of 12516 and 3451?
7
What is the greatest common divisor of 25 and 537575?
25
What is the greatest common factor of 1156760 and 4235?
605
Calculate the highest common divisor of 516 and 276.
12
What is the greatest common divisor of 33664 and 1024?
128
Calculate the highest common factor of 40 and 37210.
10
Calculate the greatest common divisor of 782 and 1598.
34
Calculate the greatest common factor of 42 and 11774.
14
Calculate the highest common divisor of 54733 and 45797.
1117
Calculate the highest common factor of 450 and 82600.
50
Calculate the greatest common factor of 44183 and 12121.
391
What is the highest common factor of 10430 and 1470?
70
Calculate the highest common divisor of 1436 and 1472.
4
Calculate the highest common divisor of 79025 and 5365.
145
Calculate the highest common divisor of 1547 and 5746.
221
What is the highest common factor of 644 and 1080310?
322
What is the highest common divisor of 12060 and 4320?
180
Calculate the highest common divisor of 78802 and 3936.
82
Calculate the greatest common factor of 148 and 863358.
74
Calculate the highest common divisor of 98725 and 1100.
275
What is the greatest common divisor of 304 and 15264?
16
What is the highest common divisor of 553 and 60909?
79
What is the highest common factor of 3366 and 127755?
153
What is the greatest common divisor of 26432 and 118?
118
What is the highest common factor of 30 and 114465?
15
What is the highest common divisor of 182 and 205387?
91
Calculate the greatest common divisor of 1450 and 81850.
50
Calculate the highest common divisor of 7961 and 11732.
419
What is the greatest common factor of 2622 and 10792?
38
What is the highest common factor of 3084 and 276?
12
What is the highest common factor of 1661538 and 186?
186
What is the greatest common factor of 128214 and 2448?
306
What is the highest common factor of 42 and 245714?
14
What is the highest common factor of 8172 and 7362?
18
What is the highest common divisor of 124025 and 1210?
605
What is the greatest common divisor of 7 and 520051?
7
Calculate the greatest common divisor of 5 and 15045475.
5
Calculate the highest common divisor of 4953165 and 1127.
1127
Calculate the highest common factor of 10 and 926570.
10
What is the highest common fac